i**2 + 0. What is the units digit of b(3)?
5
Suppose 4*a - 33 = -25. What is the units digit of a?
2
Let y = -4 + 8. Let c = -2 + y. Suppose 2 = c*p - 2. What is the units digit of p?
2
Let g(j) = -j**3 + 5*j**2 + 11*j + 13. What is the units digit of g(6)?
3
Let q(z) = -z**2 + 12*z - 3. What is the units digit of q(5)?
2
Suppose 8*p = 9*p - 33. What is the tens digit of p?
3
Let m(i) = -i + 75. Let x be m(0). Suppose 3*n - 15 = x. What is the units digit of n?
0
What is the units digit of -2 - -22*(-4 - -5)?
0
Suppose 4*a - 550 = -238. What is the units digit of a?
8
Suppose 11*y - 981 = -222. What is the tens digit of y?
6
Let q be -6 + (-2)/(-2) - 0. Let j(b) = b**3 + 10*b**2 + 10*b + 1. Let f be j(-9). Let s = q - f. What is the units digit of s?
3
What is the tens digit of 325/15 + (-3)/(-9)?
2
Let j = -2 - -2. Suppose j = 3*q - 45 - 3. What is the units digit of q?
6
Suppose -39 + 245 = 2*g. What is the units digit of g?
3
Suppose -7 = -5*t + 3. Suppose 3 - 18 = -3*f - 4*g, -t*f + 3*g = -10. What is the units digit of f?
5
Suppose -8*l + 9*l = 3. Suppose y = l*p - 93, p = -3*y - y + 31. What is the tens digit of p?
3
Suppose -14 = -4*q + 2. Let g(u) = 8*u - 5. Let w be g(q). Suppose -2*i + 11 + 5 = -3*o, o = 5*i - w. What is the units digit of i?
5
What is the units digit of (-3)/(9/(-6)) - -30?
2
Suppose -4*p + 29 = c, 4*p + 3*c + 1 = 3*p. Let d = 9 - p. What is the units digit of d?
1
Suppose -54 = 2*l - 4*l. What is the units digit of l?
7
Let g(c) = 11*c - 12. What is the tens digit of g(4)?
3
Suppose 4*n + 31 = 5*y + n, 5*y + 2*n - 46 = 0. What is the units digit of y?
8
Let i = 11 + 7. What is the units digit of i?
8
Let h(k) = 2*k**2 - k - 4. Let p be h(5). Suppose -d = -p - 3. What is the units digit of d?
4
Suppose q = -0*q + 2. Suppose -4*d = -w - 22, d + d - 2*w = 8. Let k = q + d. What is the units digit of k?
8
Suppose 0 = -5*o + s + 3*s + 20, -o + 4*s - 12 = 0. Let x be 6/4*-2 + -1. What is the units digit of (o + 0)*(-2)/x?
4
Let o(x) = 12*x**2 - 2*x + 1. Let f = 15 - 10. Suppose f = -3*z + 5*p - 12, 4*p - 14 = 2*z. What is the units digit of o(z)?
1
Let v = 163 - 92. What is the tens digit of v?
7
Let v = -17 - -18. Suppose -2*y + 2*h = 0, -46 = -5*y - 4*h - v. What is the units digit of y?
5
Let v be (8 - (4 + -2)) + -2. Suppose -6*s + v*s + 64 = 0. What is the tens digit of s?
3
Suppose 2*g - 2*j = 560, -g + 289 = -0*j + 2*j. What is the units digit of g?
3
Let j = 6 + -1. Suppose -2*r + 28 = j*k + 8, -4*r + 72 = 2*k. What is the units digit of r?
0
Let a(p) = p**3 + 13*p**2. Let b be a(-13). Suppose 0 = -b*s + s. Suppose s = 2*x + 6 - 20. What is the units digit of x?
7
Suppose -y + 8 = y. Let a be (11/(-4) + 1)*y. Let x = a - -19. What is the tens digit of x?
1
Let t(f) = 67*f**2 + 2*f + 1. What is the tens digit of t(-1)?
6
Suppose -4*z = -7*p + 3*p + 28, 2*z + 6 = 0. Suppose -5*d - 4*a = -a + 11, 0 = 2*d - a. Let n = p + d. What is the units digit of n?
3
Suppose 2*d = 4*s + 12, 3*d + 8*s - 3*s - 40 = 0. Suppose -3*o - 1 = -d. What is the units digit of o?
3
Let y(g) = -3*g - 2*g + 4 + 6*g. What is the units digit of y(8)?
2
Let c(t) = 0*t**3 + 0*t**2 + 1 + t**3 - 2*t + 6*t + 5*t**2. What is the units digit of c(-4)?
1
Let z = 7 - 1. Let t be 1/(z/15)*2. What is the units digit of (-4)/(-10) + 18/t?
4
Let h(w) = -w**2 + 8*w - 7. Let o be h(6). Suppose 2 + o = -p. Let y = p - -10. What is the units digit of y?
3
Let h(u) = u**3 - 3*u**2 - 7*u - 1. Let t be h(5). Let p = t + -5. Let j(s) = s**2 - 10*s + 12. What is the units digit of j(p)?
3
Suppose 2*f = -2*f. Suppose 4*y + 26 = 4*b + y, -4*b - 4*y + 12 = f. What is the units digit of b?
5
What is the units digit of 399/6*(-5 - (-5 + -4))?
6
Let s(n) be the third derivative of n**4/24 - n**3/3 - 2*n**2. Let h be s(5). Suppose -4*u + 41 = 5*c, -2*u - h*c + 3 = -5*u. What is the units digit of u?
4
Let w(l) = l**2 + 10*l + 12. Let t be w(-9). Suppose 54 = -0*p + t*p. What is the tens digit of p?
1
Suppose 2*b - f = 6, 6*f = 4*b + 3*f - 14. Suppose -b*x + 14 = -0*x. What is the units digit of x?
7
Let s be 126*1*(-2)/(-4). Suppose 4*w - 13 = s. Let n = -13 + w. What is the units digit of n?
6
Let y(x) = 3*x**2 - 8 - 5 - 2*x**2 + 3 - 5*x. What is the units digit of y(7)?
4
Let o(j) = -j**2 + j + 6. Let y be o(0). Let s = -13 + y. What is the units digit of (-158)/(-14) + 2/s?
1
Suppose 2 - 9 = -z. What is the units digit of z/(3*(-2)/(-6))?
7
Suppose -5*y + 5 = -3*n, 5 = -2*y + 7*y - 4*n. Suppose 3*a + 17 = -4*u, -3*u + 3*a = u - 1. What is the units digit of (-4)/u - (-2)/y?
4
Let y = -4 - -1. What is the units digit of 7 - y - -2 - -2?
4
Let z be (-4)/(-3) - 1/3. Let t(h) = -h**3 + 4*h**2 + 5*h - 4. Let y be t(5). Let l = z - y. What is the units digit of l?
5
Let l = 7 - 14. Let i = -4 - l. Suppose -50 = -i*q - 11. What is the units digit of q?
3
Let k(a) = -2*a. Let u be k(-3). Let x = -2 + u. Suppose x*t = -t + 5. What is the units digit of t?
1
Let w = 7 - 2. Suppose -5*d = 2*a + 12, a + w = -5*d - 11. What is the units digit of a?
4
Suppose -h + 121 = -3*i + 2, 122 = h - 4*i. Suppose -3*s - 2*s - 42 = -o, -h = -3*o - s. What is the tens digit of o?
3
Let i be ((-2)/1 - -1) + 3. Let u = -4 - -9. Suppose i*j - 2*r = 5*j - 8, -j - 6 = u*r. What is the units digit of j?
4
Suppose 0 = v + 5*j + 5, -4*v + 3*j + 71 = -24. Suppose 5*y + v = 0, -11 = 4*x + y - 35. What is the units digit of x?
7
What is the units digit of (-8)/68 + (-4224)/(-68)?
2
Let a = -26 - -317. What is the hundreds digit of a?
2
Suppose -3*a - s + 7 = 0, -5 - 3 = 4*s. What is the tens digit of 14 - (1 - -2 - a)?
1
Let r = -153 + 281. Suppose 0 = k + 4*z - 33, -19 = -4*k - z + r. What is the units digit of k?
7
Suppose -4*w + 5*x + 14 = 0, -4*w = -5*w + 5*x + 11. What is the units digit of w?
1
Let m(d) = 4*d - 5. Let w(u) = -5*u + 6. Let n be 1*(-9)/3*-2. Let v(i) = n*w(i) + 7*m(i). What is the units digit of v(-3)?
7
Let c(s) = s**2 + s - 1. What is the units digit of c(-3)?
5
Suppose 4*q + 107 = -37. What is the units digit of ((-24)/q)/((-2)/(-69))?
3
What is the units digit of (-3)/(-1)*50/15?
0
Let q(l) = 2*l**2 + 6*l - 23. What is the units digit of q(-8)?
7
Suppose -4*f = -2*l + 76, -2*f - 3*f = l - 66. What is the units digit of (l/(-4))/(9/(-18))?
3
Let t(m) = m**3 + 3*m**2 + m. Let n be t(-2). What is the units digit of (-10)/(n - (7 - 3))?
5
Suppose 0*r + 64 = 4*r. Suppose -4*q = -r - 8. Let h = q + -4. What is the units digit of h?
2
Suppose -4*m = -164 + 16. What is the units digit of m?
7
Suppose 885 = 10*w - 815. What is the tens digit of w?
7
Let k be (42/9)/((-8)/(-60)). Suppose -4*w + k = 7. What is the units digit of w?
7
Suppose 132 = 43*p - 39*p. What is the units digit of p?
3
Let o(m) = -8*m + 267. What is the units digit of o(0)?
7
Let a be 16/24*(6 - 0). Suppose 43 + 29 = a*d. What is the units digit of d?
8
What is the tens digit of 43960/160 - (1 - 5/4)?
7
Let p = -5 - -20. Suppose 0 = -6*k + 7*k - p. What is the tens digit of k?
1
Let m(r) = -r**2 + 0*r**2 - r + 6 + 6. Let k be m(0). Suppose -3*g - 13 = 5*s, k = -2*s + 2. What is the units digit of g?
4
Suppose -5*h = -20, -3*j + 6 = -5*h + 14. Suppose -2*u + 4*u - 5*g + 50 = 0, -5*g = j*u + 40. Let t = 21 + u. What is the units digit of t?
6
Suppose -x = x - 3*p - 14, -4*x + 3*p + 40 = 0. What is the units digit of x?
3
Suppose 309 = i - 3*p, 2*i - 6*p = -p + 614. What is the units digit of i?
7
Let c(i) = -i + 6. Let u be c(6). Let g(r) = u*r + r - 4*r. What is the units digit of g(-2)?
6
Let y(q) = q**3 - 5*q**2 + 6. Let d(l) = -l**3 + 5*l**2 - 3*l - 4. Let o be d(3). Let g be y(o). What is the units digit of (20/g + -3)*45?
5
Let q be -21 - (0 + 1 - 4). What is the units digit of 1*1/(-2)*q?
9
Let j = -291 + 711. What is the tens digit of (j/(-9))/(-5)*3?
2
Let h(r) = 26*r**3 - 2*r**2 + 2*r - 1. Let u be h(1). What is the units digit of (u/20)/(1/12)?
5
Let m = -3 - -4. Let b(c) be the second derivative of c**4/12 + c**3/6 - c**2/2 - c. What is the units digit of b(m)?
1
Let h = 173 + -115. Let y = 89 - h. What is the units digit of y?
1
Let y = 112 - 21. What is the units digit of y?
1
Suppose 24 = 2*f - 4*q, q + 0 + 5 = 0. Let t(b) = -b + 1 - f + 0. What is the units digit of t(-7)?
6
Suppose 4*u - 16 = -4. Let